{"id":1967,"date":"2021-08-28T06:18:34","date_gmt":"2021-08-28T06:18:34","guid":{"rendered":"https:\/\/tplabs.co\/izeetak\/?page_id=1967"},"modified":"2025-07-04T17:55:50","modified_gmt":"2025-07-04T15:55:50","slug":"nos-actualites","status":"publish","type":"page","link":"https:\/\/testplateformebj.com\/max\/gmb\/nos-actualites\/","title":{"rendered":"Nos actualit\u00e9s"},"content":{"rendered":"\t\t<div data-elementor-type=\"wp-page\" data-elementor-id=\"1967\" class=\"elementor elementor-1967\" data-elementor-post-type=\"page\">\n\t\t\t\t<div class=\"elementor-element elementor-element-66be1be e-flex e-con-boxed e-con e-parent\" data-id=\"66be1be\" data-element_type=\"container\" data-settings=\"{&quot;background_background&quot;:&quot;classic&quot;}\">\n\t\t\t\t\t<div class=\"e-con-inner\">\n\t\t<div class=\"elementor-element elementor-element-f1880a3 e-con-full e-flex e-con e-child\" data-id=\"f1880a3\" data-element_type=\"container\">\n\t\t\t\t<div class=\"elementor-element elementor-element-2555236 elementor-widget elementor-widget-heading\" data-id=\"2555236\" data-element_type=\"widget\" data-widget_type=\"heading.default\">\n\t\t\t\t<div class=\"elementor-widget-container\">\n\t\t\t\t\t<h2 class=\"elementor-heading-title elementor-size-default\">Nos actualit\u00e9s<\/h2>\t\t\t\t<\/div>\n\t\t\t\t<\/div>\n\t\t\t\t<div class=\"elementor-element elementor-element-0649af3 elementor-widget elementor-widget-text-editor\" data-id=\"0649af3\" data-element_type=\"widget\" data-widget_type=\"text-editor.default\">\n\t\t\t\t<div class=\"elementor-widget-container\">\n\t\t\t\t\t\t\t\t\t<p>Ce que nous faisons en temps et en heure<\/p>\t\t\t\t\t\t\t\t<\/div>\n\t\t\t\t<\/div>\n\t\t\t\t<\/div>\n\t\t<div class=\"elementor-element elementor-element-22d2f36 e-con-full e-flex e-con e-child\" data-id=\"22d2f36\" data-element_type=\"container\">\n\t\t\t\t<\/div>\n\t\t\t\t\t<\/div>\n\t\t\t\t<\/div>\n\t\t\t\t<section class=\"elementor-section elementor-top-section elementor-element elementor-element-71132c9 elementor-section-boxed elementor-section-height-default elementor-section-height-default\" data-id=\"71132c9\" data-element_type=\"section\">\n\t\t\t\t\t\t<div class=\"elementor-container elementor-column-gap-default\">\n\t\t\t\t\t<div class=\"elementor-column elementor-col-100 elementor-top-column elementor-element elementor-element-8dffd8d\" data-id=\"8dffd8d\" data-element_type=\"column\">\n\t\t\t<div class=\"elementor-widget-wrap elementor-element-populated\">\n\t\t\t\t\t\t<div class=\"elementor-element elementor-element-f675861 item-has-shadow news-style-1 elementor-widget elementor-widget-mae-news-grid\" data-id=\"f675861\" data-element_type=\"widget\" data-widget_type=\"mae-news-grid.default\">\n\t\t\t\t<div class=\"elementor-widget-container\">\n\t\t\t\t\t\n        <div class=\"master-portfolio news-style-1\" data-config='{\"columns\":\"3,3,2,1\",\"gapHorizontal\":30,\"gapVertical\":30,\"layoutMode\":\"grid\"}'>\n            <div class=\"galleries cbp\">\n                                    \n                        <div class=\"master-news cbp-item\">\n                            <div class=\"image-wrap\"><a class=\"thumb\" href=\"https:\/\/testplateformebj.com\/max\/gmb\/group-mb-equipe-un-centre-de-sante-en-materiel-informatique-et-solutions-electriques\/\" aria-label=\"Group MB \u00e9quipe un centre de sant\u00e9 en mat\u00e9riel informatique\"><span class=\"inner\"><img data-opt-id=178537844  fetchpriority=\"high\" decoding=\"async\" width=\"1920\" height=\"1280\" src=\"https:\/\/mluwyn6dqnjn.i.optimole.com\/w:auto\/h:auto\/q:mauto\/ig:avif\/https:\/\/testplateformebj.com\/max\/gmb\/wp-content\/uploads\/2025\/07\/sante.jpg\" class=\"attachment-mae-std6 size-mae-std6 wp-post-image\" alt=\"\" srcset=\"https:\/\/mluwyn6dqnjn.i.optimole.com\/w:1620\/h:1080\/q:mauto\/ig:avif\/https:\/\/testplateformebj.com\/max\/gmb\/wp-content\/uploads\/2025\/07\/sante.jpg 1920w, https:\/\/mluwyn6dqnjn.i.optimole.com\/w:300\/h:200\/q:mauto\/ig:avif\/https:\/\/testplateformebj.com\/max\/gmb\/wp-content\/uploads\/2025\/07\/sante.jpg 300w, https:\/\/mluwyn6dqnjn.i.optimole.com\/w:1024\/h:683\/q:mauto\/ig:avif\/https:\/\/testplateformebj.com\/max\/gmb\/wp-content\/uploads\/2025\/07\/sante.jpg 1024w, https:\/\/mluwyn6dqnjn.i.optimole.com\/w:768\/h:512\/q:mauto\/ig:avif\/https:\/\/testplateformebj.com\/max\/gmb\/wp-content\/uploads\/2025\/07\/sante.jpg 768w, https:\/\/mluwyn6dqnjn.i.optimole.com\/w:1536\/h:1024\/q:mauto\/ig:avif\/https:\/\/testplateformebj.com\/max\/gmb\/wp-content\/uploads\/2025\/07\/sante.jpg 1536w, https:\/\/mluwyn6dqnjn.i.optimole.com\/w:600\/h:400\/q:mauto\/ig:avif\/https:\/\/testplateformebj.com\/max\/gmb\/wp-content\/uploads\/2025\/07\/sante.jpg 600w\" sizes=\"(max-width: 1140px) 100vw, 1140px\" \/><\/span><\/a><span class=\"post-date square\"><span>04<\/span><span>Juil<\/span><\/span><\/div><div class=\"content-wrap\"><div class=\"post-meta\"><span class=\"post-by-author item\"><span class=\"prefix\">by<\/span> \n                    <a class=\"name\" href=\"https:\/\/testplateformebj.com\/max\/gmb\/author\/groupemb\/\" title=\"View all posts by groupeMB\">groupeMB<\/a>\n                <\/span><span class=\"meta-sep\">\/<\/span><span class=\"post-comment item\"><span class=\"inner\"><a href=\"https:\/\/testplateformebj.com\/max\/gmb\/group-mb-equipe-un-centre-de-sante-en-materiel-informatique-et-solutions-electriques\/#respond\">0 Comments<\/a><\/span><\/span><\/div><h3 class=\"headline-2\"><a href=\"https:\/\/testplateformebj.com\/max\/gmb\/group-mb-equipe-un-centre-de-sante-en-materiel-informatique-et-solutions-electriques\/\">Group MB \u00e9quipe un centre de sant\u00e9 en mat\u00e9riel informatique<\/a><\/h3><div class=\"desc\">Group MB a r\u00e9cemment finalis\u00e9 un projet d\u2019\u00e9quipement technique au<\/div>            <div class=\"url-wrap\">\n                <a class=\"master-link  icon-none\" href=\"https:\/\/testplateformebj.com\/max\/gmb\/group-mb-equipe-un-centre-de-sante-en-materiel-informatique-et-solutions-electriques\/\">\n                                        <span>Lire la suite<\/span>\n                                    <\/a>\n            <\/div>\n\n            <\/div>                        <\/div>\n                    \n                        <div class=\"master-news cbp-item\">\n                            <div class=\"image-wrap\"><a class=\"thumb\" href=\"https:\/\/testplateformebj.com\/max\/gmb\/group-mb-lance-de-nouvelles-formations-professionnelles-avec-kle-family\/\" aria-label=\"Group MB lance de nouvelles formations professionnelles avec KLE FAMILY\"><span class=\"inner\"><img data-opt-id=965327910  fetchpriority=\"high\" decoding=\"async\" width=\"1280\" height=\"768\" src=\"https:\/\/mluwyn6dqnjn.i.optimole.com\/w:auto\/h:auto\/q:mauto\/ig:avif\/https:\/\/testplateformebj.com\/max\/gmb\/wp-content\/uploads\/2025\/07\/lancement-de-formation.jpg\" class=\"attachment-mae-std6 size-mae-std6 wp-post-image\" alt=\"\" srcset=\"https:\/\/mluwyn6dqnjn.i.optimole.com\/w:1280\/h:768\/q:mauto\/ig:avif\/https:\/\/testplateformebj.com\/max\/gmb\/wp-content\/uploads\/2025\/07\/lancement-de-formation.jpg 1280w, https:\/\/mluwyn6dqnjn.i.optimole.com\/w:300\/h:180\/q:mauto\/ig:avif\/https:\/\/testplateformebj.com\/max\/gmb\/wp-content\/uploads\/2025\/07\/lancement-de-formation.jpg 300w, https:\/\/mluwyn6dqnjn.i.optimole.com\/w:1024\/h:614\/q:mauto\/ig:avif\/https:\/\/testplateformebj.com\/max\/gmb\/wp-content\/uploads\/2025\/07\/lancement-de-formation.jpg 1024w, https:\/\/mluwyn6dqnjn.i.optimole.com\/w:768\/h:461\/q:mauto\/ig:avif\/https:\/\/testplateformebj.com\/max\/gmb\/wp-content\/uploads\/2025\/07\/lancement-de-formation.jpg 768w, https:\/\/mluwyn6dqnjn.i.optimole.com\/w:600\/h:360\/q:mauto\/ig:avif\/https:\/\/testplateformebj.com\/max\/gmb\/wp-content\/uploads\/2025\/07\/lancement-de-formation.jpg 600w\" sizes=\"(max-width: 1140px) 100vw, 1140px\" \/><\/span><\/a><span class=\"post-date square\"><span>04<\/span><span>Juil<\/span><\/span><\/div><div class=\"content-wrap\"><div class=\"post-meta\"><span class=\"post-by-author item\"><span class=\"prefix\">by<\/span> \n                    <a class=\"name\" href=\"https:\/\/testplateformebj.com\/max\/gmb\/author\/groupemb\/\" title=\"View all posts by groupeMB\">groupeMB<\/a>\n                <\/span><span class=\"meta-sep\">\/<\/span><span class=\"post-comment item\"><span class=\"inner\"><a href=\"https:\/\/testplateformebj.com\/max\/gmb\/group-mb-lance-de-nouvelles-formations-professionnelles-avec-kle-family\/#respond\">0 Comments<\/a><\/span><\/span><\/div><h3 class=\"headline-2\"><a href=\"https:\/\/testplateformebj.com\/max\/gmb\/group-mb-lance-de-nouvelles-formations-professionnelles-avec-kle-family\/\">Group MB lance de nouvelles formations professionnelles avec KLE FAMILY<\/a><\/h3><div class=\"desc\">Dans sa mission de renforcement de capacit\u00e9s, Group MB annonce<\/div>            <div class=\"url-wrap\">\n                <a class=\"master-link  icon-none\" href=\"https:\/\/testplateformebj.com\/max\/gmb\/group-mb-lance-de-nouvelles-formations-professionnelles-avec-kle-family\/\">\n                                        <span>Lire la suite<\/span>\n                                    <\/a>\n            <\/div>\n\n            <\/div>                        <\/div>\n                    \n                        <div class=\"master-news cbp-item\">\n                            <div class=\"image-wrap\"><a class=\"thumb\" href=\"https:\/\/testplateformebj.com\/max\/gmb\/group-mb-installe-une-infrastructure-reseau-complete-pour-une-ong\/\" aria-label=\"Group MB installe une infrastructure r\u00e9seau compl\u00e8te pour une ONG\"><span class=\"inner\"><img data-opt-id=699173878  data-opt-src=\"https:\/\/mluwyn6dqnjn.i.optimole.com\/w:auto\/h:auto\/q:mauto\/ig:avif\/https:\/\/testplateformebj.com\/max\/gmb\/wp-content\/uploads\/2025\/07\/installation-reseau.jpg\"  decoding=\"async\" width=\"1280\" height=\"853\" src=\"data:image/svg+xml,%3Csvg%20viewBox%3D%220%200%20100%%20100%%22%20width%3D%22100%%22%20height%3D%22100%%22%20xmlns%3D%22http%3A%2F%2Fwww.w3.org%2F2000%2Fsvg%22%3E%3Crect%20width%3D%22100%%22%20height%3D%22100%%22%20fill%3D%22transparent%22%2F%3E%3C%2Fsvg%3E\" class=\"attachment-mae-std6 size-mae-std6 wp-post-image\" alt=\"\" old-srcset=\"https:\/\/mluwyn6dqnjn.i.optimole.com\/w:1280\/h:853\/q:mauto\/ig:avif\/https:\/\/testplateformebj.com\/max\/gmb\/wp-content\/uploads\/2025\/07\/installation-reseau.jpg 1280w, https:\/\/mluwyn6dqnjn.i.optimole.com\/w:300\/h:200\/q:mauto\/ig:avif\/https:\/\/testplateformebj.com\/max\/gmb\/wp-content\/uploads\/2025\/07\/installation-reseau.jpg 300w, https:\/\/mluwyn6dqnjn.i.optimole.com\/w:1024\/h:682\/q:mauto\/ig:avif\/https:\/\/testplateformebj.com\/max\/gmb\/wp-content\/uploads\/2025\/07\/installation-reseau.jpg 1024w, https:\/\/mluwyn6dqnjn.i.optimole.com\/w:768\/h:512\/q:mauto\/ig:avif\/https:\/\/testplateformebj.com\/max\/gmb\/wp-content\/uploads\/2025\/07\/installation-reseau.jpg 768w, https:\/\/mluwyn6dqnjn.i.optimole.com\/w:600\/h:400\/q:mauto\/ig:avif\/https:\/\/testplateformebj.com\/max\/gmb\/wp-content\/uploads\/2025\/07\/installation-reseau.jpg 600w\" \/><\/span><\/a><span class=\"post-date square\"><span>04<\/span><span>Juil<\/span><\/span><\/div><div class=\"content-wrap\"><div class=\"post-meta\"><span class=\"post-by-author item\"><span class=\"prefix\">by<\/span> \n                    <a class=\"name\" href=\"https:\/\/testplateformebj.com\/max\/gmb\/author\/groupemb\/\" title=\"View all posts by groupeMB\">groupeMB<\/a>\n                <\/span><span class=\"meta-sep\">\/<\/span><span class=\"post-comment item\"><span class=\"inner\"><a href=\"https:\/\/testplateformebj.com\/max\/gmb\/group-mb-installe-une-infrastructure-reseau-complete-pour-une-ong\/#respond\">0 Comments<\/a><\/span><\/span><\/div><h3 class=\"headline-2\"><a href=\"https:\/\/testplateformebj.com\/max\/gmb\/group-mb-installe-une-infrastructure-reseau-complete-pour-une-ong\/\">Group MB installe une infrastructure r\u00e9seau compl\u00e8te pour une ONG<\/a><\/h3><div class=\"desc\">Dans le cadre d\u2019un projet d\u2019envergure, Group MB a \u00e9t\u00e9<\/div>            <div class=\"url-wrap\">\n                <a class=\"master-link  icon-none\" href=\"https:\/\/testplateformebj.com\/max\/gmb\/group-mb-installe-une-infrastructure-reseau-complete-pour-une-ong\/\">\n                                        <span>Lire la suite<\/span>\n                                    <\/a>\n            <\/div>\n\n            <\/div>                        <\/div>\n                                <\/div><!-- galleries -->\n        <\/div><!-- master-portfolio -->\n        \t\t\t\t<\/div>\n\t\t\t\t<\/div>\n\t\t\t\t\t<\/div>\n\t\t<\/div>\n\t\t\t\t\t<\/div>\n\t\t<\/section>\n\t\t\t\t<\/div>\n\t\t","protected":false},"excerpt":{"rendered":"<p>Nos actualit\u00e9s Ce que nous faisons en temps et en heure 04Juilby groupeMB \/0 Comments Group MB installe une infrastructure r\u00e9seau compl\u00e8te pour une ONG Dans le cadre d\u2019un projet d\u2019envergure, Group MB a \u00e9t\u00e9 Lire la suite 04Juinby groupeMB \/1 Comment Bonjour tout le monde\u00a0! Bienvenue sur WordPress. Ceci<\/p>\n","protected":false},"author":1,"featured_media":0,"parent":0,"menu_order":0,"comment_status":"closed","ping_status":"closed","template":"","meta":{"_acf_changed":false,"om_disable_all_campaigns":false,"_monsterinsights_skip_tracking":false,"_monsterinsights_sitenote_active":false,"_monsterinsights_sitenote_note":"","_monsterinsights_sitenote_category":0,"_uf_show_specific_survey":0,"_uf_disable_surveys":false,"footnotes":""},"class_list":["post-1967","page","type-page","status-publish","hentry"],"aioseo_notices":[],"acf":[],"jetpack_sharing_enabled":true,"_links":{"self":[{"href":"https:\/\/testplateformebj.com\/max\/gmb\/wp-json\/wp\/v2\/pages\/1967","targetHints":{"allow":["GET"]}}],"collection":[{"href":"https:\/\/testplateformebj.com\/max\/gmb\/wp-json\/wp\/v2\/pages"}],"about":[{"href":"https:\/\/testplateformebj.com\/max\/gmb\/wp-json\/wp\/v2\/types\/page"}],"author":[{"embeddable":true,"href":"https:\/\/testplateformebj.com\/max\/gmb\/wp-json\/wp\/v2\/users\/1"}],"replies":[{"embeddable":true,"href":"https:\/\/testplateformebj.com\/max\/gmb\/wp-json\/wp\/v2\/comments?post=1967"}],"version-history":[{"count":29,"href":"https:\/\/testplateformebj.com\/max\/gmb\/wp-json\/wp\/v2\/pages\/1967\/revisions"}],"predecessor-version":[{"id":5334,"href":"https:\/\/testplateformebj.com\/max\/gmb\/wp-json\/wp\/v2\/pages\/1967\/revisions\/5334"}],"wp:attachment":[{"href":"https:\/\/testplateformebj.com\/max\/gmb\/wp-json\/wp\/v2\/media?parent=1967"}],"curies":[{"name":"wp","href":"https:\/\/api.w.org\/{rel}","templated":true}]}}