{"id":4873,"date":"2025-06-12T15:07:27","date_gmt":"2025-06-12T13:07:27","guid":{"rendered":"https:\/\/testplateformebj.com\/max\/gmb\/?page_id=4873"},"modified":"2025-06-24T21:21:49","modified_gmt":"2025-06-24T19:21:49","slug":"solutions-informatiques-sur-mesure","status":"publish","type":"page","link":"https:\/\/testplateformebj.com\/max\/gmb\/solutions-informatiques-sur-mesure\/","title":{"rendered":"Solutions informatiques sur mesure"},"content":{"rendered":"\t\t<div data-elementor-type=\"wp-page\" data-elementor-id=\"4873\" class=\"elementor elementor-4873\" data-elementor-post-type=\"page\">\n\t\t\t\t<div class=\"elementor-element elementor-element-1dcbbbc e-flex e-con-boxed e-con e-parent\" data-id=\"1dcbbbc\" data-element_type=\"container\" data-settings=\"{&quot;background_background&quot;:&quot;classic&quot;}\">\n\t\t\t\t\t<div class=\"e-con-inner\">\n\t\t<div class=\"elementor-element elementor-element-e5a85e9 e-con-full e-flex e-con e-child\" data-id=\"e5a85e9\" data-element_type=\"container\">\n\t\t\t\t<div class=\"elementor-element elementor-element-d26a2d8 elementor-widget elementor-widget-heading\" data-id=\"d26a2d8\" data-element_type=\"widget\" data-widget_type=\"heading.default\">\n\t\t\t\t<div class=\"elementor-widget-container\">\n\t\t\t\t\t<h2 class=\"elementor-heading-title elementor-size-default\">Solution informatique sur mesure<\/h2>\t\t\t\t<\/div>\n\t\t\t\t<\/div>\n\t\t\t\t<div class=\"elementor-element elementor-element-fe8eef0 elementor-widget elementor-widget-text-editor\" data-id=\"fe8eef0\" data-element_type=\"widget\" data-widget_type=\"text-editor.default\">\n\t\t\t\t<div class=\"elementor-widget-container\">\n\t\t\t\t\t\t\t\t\t<p>Des solutions informatiques taill\u00e9es pour vos besoins<\/p>\t\t\t\t\t\t\t\t<\/div>\n\t\t\t\t<\/div>\n\t\t\t\t<\/div>\n\t\t<div class=\"elementor-element elementor-element-e68b783 e-con-full e-flex e-con e-child\" data-id=\"e68b783\" data-element_type=\"container\">\n\t\t\t\t<\/div>\n\t\t\t\t\t<\/div>\n\t\t\t\t<\/div>\n\t\t<div class=\"elementor-element elementor-element-e046deb e-flex e-con-boxed e-con e-parent\" data-id=\"e046deb\" data-element_type=\"container\" data-settings=\"{&quot;background_background&quot;:&quot;classic&quot;}\">\n\t\t\t\t\t<div class=\"e-con-inner\">\n\t\t<div class=\"elementor-element elementor-element-0685a3f e-con-full e-flex e-con e-child\" data-id=\"0685a3f\" data-element_type=\"container\" data-settings=\"{&quot;background_background&quot;:&quot;classic&quot;}\">\n\t\t\t\t<\/div>\n\t\t<div class=\"elementor-element elementor-element-0985b9d e-con-full e-flex e-con e-child\" data-id=\"0985b9d\" data-element_type=\"container\">\n\t\t\t\t<div class=\"elementor-element elementor-element-17bb8af elementor-widget__width-initial elementor-widget elementor-widget-text-editor\" data-id=\"17bb8af\" data-element_type=\"widget\" data-widget_type=\"text-editor.default\">\n\t\t\t\t<div class=\"elementor-widget-container\">\n\t\t\t\t\t\t\t\t\t<p>Chez Group MB, chaque client est unique. C\u2019est pourquoi nous proposons des solutions informatiques sur mesure, con\u00e7ues pour r\u00e9pondre aux exigences sp\u00e9cifiques de votre secteur, de votre organisation et de vos objectifs.<\/p><p data-start=\"779\" data-end=\"905\">\u2705 <strong data-start=\"781\" data-end=\"804\">Analyse des besoins<\/strong>\u00a0<br data-start=\"806\" data-end=\"809\" \/>Nous commen\u00e7ons par une \u00e9tude approfondie de votre environnement et de vos contraintes m\u00e9tier.<\/p><p data-start=\"909\" data-end=\"1038\">\u2705 <strong data-start=\"911\" data-end=\"956\">D\u00e9veloppement de solutions personnalis\u00e9es<\/strong>\u00a0<br data-start=\"958\" data-end=\"961\" \/>Syst\u00e8mes adapt\u00e9s, logiciels, d\u00e9ploiement de plateformes, infrastructures&#8230;<\/p><p data-start=\"1042\" data-end=\"1176\">\u2705 <strong data-start=\"1044\" data-end=\"1068\">Int\u00e9gration compl\u00e8te<\/strong>\u00a0<br data-start=\"1070\" data-end=\"1073\" \/>De l\u2019achat du mat\u00e9riel jusqu\u2019\u00e0 l\u2019installation et la formation, nous assurons un accompagnement total.<\/p>\t\t\t\t\t\t\t\t<\/div>\n\t\t\t\t<\/div>\n\t\t\t\t<\/div>\n\t\t\t\t\t<\/div>\n\t\t\t\t<\/div>\n\t\t<div class=\"elementor-element elementor-element-70b80fa e-con-full e-flex e-con e-parent\" data-id=\"70b80fa\" data-element_type=\"container\" data-settings=\"{&quot;background_background&quot;:&quot;classic&quot;}\">\n\t\t\t\t<div class=\"elementor-element elementor-element-667698f elementor-cta--skin-cover elementor-animated-content elementor-bg-transform elementor-bg-transform-zoom-in elementor-widget elementor-widget-call-to-action\" data-id=\"667698f\" data-element_type=\"widget\" data-widget_type=\"call-to-action.default\">\n\t\t\t\t<div class=\"elementor-widget-container\">\n\t\t\t\t\t\t\t<div class=\"elementor-cta\">\n\t\t\t\t\t<div class=\"elementor-cta__bg-wrapper\">\n\t\t\t\t<div class=\"elementor-cta__bg elementor-bg\" style=\"background-image: url(https:\/\/mluwyn6dqnjn.i.optimole.com\/w:1024\/h:617\/q:mauto\/ig:avif\/https:\/\/testplateformebj.com\/max\/gmb\/wp-content\/uploads\/2021\/08\/news-04.jpg.webp);\" role=\"img\" aria-label=\"news-04.jpg\"><\/div>\n\t\t\t\t<div class=\"elementor-cta__bg-overlay\"><\/div>\n\t\t\t<\/div>\n\t\t\t\t\t\t\t<div class=\"elementor-cta__content\">\n\t\t\t\t\n\t\t\t\t\t\t\t\t\t<h2 class=\"elementor-cta__title elementor-cta__content-item elementor-content-item elementor-animated-item--grow\">\n\t\t\t\t\t\tBesoin d\u2019une solution sur mesure\u202f?\t\t\t\t\t<\/h2>\n\t\t\t\t\n\t\t\t\t\t\t\t\t\t<div class=\"elementor-cta__description elementor-cta__content-item elementor-content-item elementor-animated-item--grow\">\n\t\t\t\t\t\tContactez-nous pour une \u00e9valuation gratuite\t\t\t\t\t<\/div>\n\t\t\t\t\n\t\t\t\t\t\t\t\t\t<div class=\"elementor-cta__button-wrapper elementor-cta__content-item elementor-content-item elementor-animated-item--grow\">\n\t\t\t\t\t<a class=\"elementor-cta__button elementor-button elementor-size-\" href=\"https:\/\/testplateformebj.com\/max\/gmb\/contact\/\">\n\t\t\t\t\t\tContactez-nous\t\t\t\t\t<\/a>\n\t\t\t\t\t<\/div>\n\t\t\t\t\t\t\t<\/div>\n\t\t\t\t\t\t<\/div>\n\t\t\t\t\t\t<\/div>\n\t\t\t\t<\/div>\n\t\t\t\t<\/div>\n\t\t\t\t<\/div>\n\t\t","protected":false},"excerpt":{"rendered":"<p>Solution informatique sur mesure Des solutions informatiques taill\u00e9es pour vos besoins Chez Group MB, chaque client est unique. C\u2019est pourquoi nous proposons des solutions informatiques sur mesure, con\u00e7ues pour r\u00e9pondre aux exigences sp\u00e9cifiques de votre secteur, de votre organisation et de vos objectifs. \u2705 Analyse des besoins\u00a0Nous commen\u00e7ons par une<\/p>\n","protected":false},"author":1,"featured_media":0,"parent":0,"menu_order":0,"comment_status":"closed","ping_status":"closed","template":"","meta":{"_acf_changed":false,"om_disable_all_campaigns":false,"_monsterinsights_skip_tracking":false,"_monsterinsights_sitenote_active":false,"_monsterinsights_sitenote_note":"","_monsterinsights_sitenote_category":0,"_uf_show_specific_survey":0,"_uf_disable_surveys":false,"footnotes":""},"class_list":["post-4873","page","type-page","status-publish","hentry"],"aioseo_notices":[],"acf":[],"jetpack_sharing_enabled":true,"_links":{"self":[{"href":"https:\/\/testplateformebj.com\/max\/gmb\/wp-json\/wp\/v2\/pages\/4873","targetHints":{"allow":["GET"]}}],"collection":[{"href":"https:\/\/testplateformebj.com\/max\/gmb\/wp-json\/wp\/v2\/pages"}],"about":[{"href":"https:\/\/testplateformebj.com\/max\/gmb\/wp-json\/wp\/v2\/types\/page"}],"author":[{"embeddable":true,"href":"https:\/\/testplateformebj.com\/max\/gmb\/wp-json\/wp\/v2\/users\/1"}],"replies":[{"embeddable":true,"href":"https:\/\/testplateformebj.com\/max\/gmb\/wp-json\/wp\/v2\/comments?post=4873"}],"version-history":[{"count":58,"href":"https:\/\/testplateformebj.com\/max\/gmb\/wp-json\/wp\/v2\/pages\/4873\/revisions"}],"predecessor-version":[{"id":5052,"href":"https:\/\/testplateformebj.com\/max\/gmb\/wp-json\/wp\/v2\/pages\/4873\/revisions\/5052"}],"wp:attachment":[{"href":"https:\/\/testplateformebj.com\/max\/gmb\/wp-json\/wp\/v2\/media?parent=4873"}],"curies":[{"name":"wp","href":"https:\/\/api.w.org\/{rel}","templated":true}]}}