{"id":4969,"date":"2025-06-21T14:50:24","date_gmt":"2025-06-21T12:50:24","guid":{"rendered":"https:\/\/testplateformebj.com\/max\/gmb\/?page_id=4969"},"modified":"2025-06-24T21:29:11","modified_gmt":"2025-06-24T19:29:11","slug":"audit-post-reseaux","status":"publish","type":"page","link":"https:\/\/testplateformebj.com\/max\/gmb\/audit-post-reseaux\/","title":{"rendered":"Audit postes et r\u00e9seaux LAN\/WAN"},"content":{"rendered":"\t\t<div data-elementor-type=\"wp-page\" data-elementor-id=\"4969\" class=\"elementor elementor-4969\" data-elementor-post-type=\"page\">\n\t\t\t\t<div class=\"elementor-element elementor-element-1dcbbbc e-flex e-con-boxed e-con e-parent\" data-id=\"1dcbbbc\" data-element_type=\"container\" data-settings=\"{&quot;background_background&quot;:&quot;classic&quot;}\">\n\t\t\t\t\t<div class=\"e-con-inner\">\n\t\t<div class=\"elementor-element elementor-element-e5a85e9 e-con-full e-flex e-con e-child\" data-id=\"e5a85e9\" data-element_type=\"container\">\n\t\t\t\t<div class=\"elementor-element elementor-element-d26a2d8 elementor-widget elementor-widget-heading\" data-id=\"d26a2d8\" data-element_type=\"widget\" data-widget_type=\"heading.default\">\n\t\t\t\t<div class=\"elementor-widget-container\">\n\t\t\t\t\t<h2 class=\"elementor-heading-title elementor-size-default\">Audit postes et r\u00e9seaux LAN\/WAN<\/h2>\t\t\t\t<\/div>\n\t\t\t\t<\/div>\n\t\t\t\t<div class=\"elementor-element elementor-element-fe8eef0 elementor-widget elementor-widget-text-editor\" data-id=\"fe8eef0\" data-element_type=\"widget\" data-widget_type=\"text-editor.default\">\n\t\t\t\t<div class=\"elementor-widget-container\">\n\t\t\t\t\t\t\t\t\t<p>Auditez vos infrastructures pour gagner en performance<\/p>\t\t\t\t\t\t\t\t<\/div>\n\t\t\t\t<\/div>\n\t\t\t\t<\/div>\n\t\t<div class=\"elementor-element elementor-element-e68b783 e-con-full e-flex e-con e-child\" data-id=\"e68b783\" data-element_type=\"container\">\n\t\t\t\t<\/div>\n\t\t\t\t\t<\/div>\n\t\t\t\t<\/div>\n\t\t<div class=\"elementor-element elementor-element-e046deb e-flex e-con-boxed e-con e-parent\" data-id=\"e046deb\" data-element_type=\"container\" data-settings=\"{&quot;background_background&quot;:&quot;classic&quot;}\">\n\t\t\t\t\t<div class=\"e-con-inner\">\n\t\t<div class=\"elementor-element elementor-element-0685a3f e-con-full e-flex e-con e-child\" data-id=\"0685a3f\" data-element_type=\"container\" data-settings=\"{&quot;background_background&quot;:&quot;classic&quot;}\">\n\t\t\t\t<\/div>\n\t\t<div class=\"elementor-element elementor-element-0985b9d e-con-full e-flex e-con e-child\" data-id=\"0985b9d\" data-element_type=\"container\">\n\t\t\t\t<div class=\"elementor-element elementor-element-17bb8af elementor-widget__width-initial elementor-widget elementor-widget-text-editor\" data-id=\"17bb8af\" data-element_type=\"widget\" data-widget_type=\"text-editor.default\">\n\t\t\t\t<div class=\"elementor-widget-container\">\n\t\t\t\t\t\t\t\t\t<p data-start=\"2382\" data-end=\"2586\">\u00a0<\/p><p data-start=\"2382\" data-end=\"2586\">Nos audits techniques permettent d\u2019\u00e9valuer l\u2019\u00e9tat de vos postes de travail, de votre r\u00e9seau local (LAN) et \u00e9tendu (WAN), pour identifier les faiblesses, am\u00e9liorer la s\u00e9curit\u00e9 et optimiser la productivit\u00e9.<\/p><p data-start=\"2609\" data-end=\"2704\">\u00a0\u2705 <strong data-start=\"2611\" data-end=\"2633\">Diagnostic complet<\/strong>\u00a0<br data-start=\"2635\" data-end=\"2638\" \/>\u00c9tat des \u00e9quipements, configuration r\u00e9seau, protocoles en usage.<\/p><p data-start=\"2609\" data-end=\"2704\">\u2705 <strong data-start=\"2710\" data-end=\"2733\">Analyse des risques<\/strong>\u00a0<br data-start=\"2735\" data-end=\"2738\" \/>S\u00e9curit\u00e9, acc\u00e8s, points de d\u00e9faillance potentiels.<\/p><p data-start=\"2609\" data-end=\"2704\">\u2705 <strong data-start=\"2796\" data-end=\"2828\">Recommandations strat\u00e9giques<\/strong>\u00a0<br data-start=\"2830\" data-end=\"2833\" \/>Rapport d\u00e9taill\u00e9 + plan d\u2019action personnalis\u00e9.<\/p>\t\t\t\t\t\t\t\t<\/div>\n\t\t\t\t<\/div>\n\t\t\t\t<\/div>\n\t\t\t\t\t<\/div>\n\t\t\t\t<\/div>\n\t\t<div class=\"elementor-element elementor-element-33aa86d e-con-full e-flex e-con e-parent\" data-id=\"33aa86d\" data-element_type=\"container\" data-settings=\"{&quot;background_background&quot;:&quot;classic&quot;}\">\n\t\t\t\t<div class=\"elementor-element elementor-element-e187c53 elementor-cta--skin-cover elementor-animated-content elementor-bg-transform elementor-bg-transform-zoom-in elementor-widget elementor-widget-call-to-action\" data-id=\"e187c53\" data-element_type=\"widget\" data-widget_type=\"call-to-action.default\">\n\t\t\t\t<div class=\"elementor-widget-container\">\n\t\t\t\t\t\t\t<div class=\"elementor-cta\">\n\t\t\t\t\t<div class=\"elementor-cta__bg-wrapper\">\n\t\t\t\t<div class=\"elementor-cta__bg elementor-bg\" style=\"background-image: url(https:\/\/mluwyn6dqnjn.i.optimole.com\/w:1024\/h:617\/q:mauto\/ig:avif\/https:\/\/testplateformebj.com\/max\/gmb\/wp-content\/uploads\/2021\/08\/news-04.jpg.webp);\" role=\"img\" aria-label=\"news-04.jpg\"><\/div>\n\t\t\t\t<div class=\"elementor-cta__bg-overlay\"><\/div>\n\t\t\t<\/div>\n\t\t\t\t\t\t\t<div class=\"elementor-cta__content\">\n\t\t\t\t\n\t\t\t\t\t\t\t\t\t<h2 class=\"elementor-cta__title elementor-cta__content-item elementor-content-item elementor-animated-item--grow\">\n\t\t\t\t\t\tBesoin d\u2019une solution sur mesure\u202f?\t\t\t\t\t<\/h2>\n\t\t\t\t\n\t\t\t\t\t\t\t\t\t<div class=\"elementor-cta__description elementor-cta__content-item elementor-content-item elementor-animated-item--grow\">\n\t\t\t\t\t\tContactez-nous pour une \u00e9valuation gratuite\t\t\t\t\t<\/div>\n\t\t\t\t\n\t\t\t\t\t\t\t\t\t<div class=\"elementor-cta__button-wrapper elementor-cta__content-item elementor-content-item elementor-animated-item--grow\">\n\t\t\t\t\t<a class=\"elementor-cta__button elementor-button elementor-size-\" href=\"https:\/\/testplateformebj.com\/max\/gmb\/contact\/\">\n\t\t\t\t\t\tContactez-nous\t\t\t\t\t<\/a>\n\t\t\t\t\t<\/div>\n\t\t\t\t\t\t\t<\/div>\n\t\t\t\t\t\t<\/div>\n\t\t\t\t\t\t<\/div>\n\t\t\t\t<\/div>\n\t\t\t\t<\/div>\n\t\t\t\t<\/div>\n\t\t","protected":false},"excerpt":{"rendered":"<p>Audit postes et r\u00e9seaux LAN\/WAN Auditez vos infrastructures pour gagner en performance \u00a0 Nos audits techniques permettent d\u2019\u00e9valuer l\u2019\u00e9tat de vos postes de travail, de votre r\u00e9seau local (LAN) et \u00e9tendu (WAN), pour identifier les faiblesses, am\u00e9liorer la s\u00e9curit\u00e9 et optimiser la productivit\u00e9. \u00a0\u2705 Diagnostic complet\u00a0\u00c9tat des \u00e9quipements, configuration r\u00e9seau,<\/p>\n","protected":false},"author":1,"featured_media":0,"parent":0,"menu_order":0,"comment_status":"closed","ping_status":"closed","template":"","meta":{"_acf_changed":false,"om_disable_all_campaigns":false,"_monsterinsights_skip_tracking":false,"_monsterinsights_sitenote_active":false,"_monsterinsights_sitenote_note":"","_monsterinsights_sitenote_category":0,"_uf_show_specific_survey":0,"_uf_disable_surveys":false,"footnotes":""},"class_list":["post-4969","page","type-page","status-publish","hentry"],"aioseo_notices":[],"acf":[],"jetpack_sharing_enabled":true,"_links":{"self":[{"href":"https:\/\/testplateformebj.com\/max\/gmb\/wp-json\/wp\/v2\/pages\/4969","targetHints":{"allow":["GET"]}}],"collection":[{"href":"https:\/\/testplateformebj.com\/max\/gmb\/wp-json\/wp\/v2\/pages"}],"about":[{"href":"https:\/\/testplateformebj.com\/max\/gmb\/wp-json\/wp\/v2\/types\/page"}],"author":[{"embeddable":true,"href":"https:\/\/testplateformebj.com\/max\/gmb\/wp-json\/wp\/v2\/users\/1"}],"replies":[{"embeddable":true,"href":"https:\/\/testplateformebj.com\/max\/gmb\/wp-json\/wp\/v2\/comments?post=4969"}],"version-history":[{"count":16,"href":"https:\/\/testplateformebj.com\/max\/gmb\/wp-json\/wp\/v2\/pages\/4969\/revisions"}],"predecessor-version":[{"id":5064,"href":"https:\/\/testplateformebj.com\/max\/gmb\/wp-json\/wp\/v2\/pages\/4969\/revisions\/5064"}],"wp:attachment":[{"href":"https:\/\/testplateformebj.com\/max\/gmb\/wp-json\/wp\/v2\/media?parent=4969"}],"curies":[{"name":"wp","href":"https:\/\/api.w.org\/{rel}","templated":true}]}}